 a factor of 193480?
True
Is 423175 a multiple of 9?
False
Is 28 a factor of 34776?
True
Does 40 divide 117680?
True
Is 106 a factor of 110982?
True
Is 45 a factor of 3087502?
False
Is 12 a factor of 898296?
True
Is 116 a factor of 34465?
False
Is 109012 a multiple of 6?
False
Does 3 divide 11132?
False
Is 5 a factor of 74547?
False
Is 44 a factor of 665136?
False
Is 38 a factor of 4526104?
True
Is 5 a factor of 69825?
True
Is 1016190 a multiple of 105?
True
Is 81605 a multiple of 54?
False
Is 16 a factor of 1822155?
False
Is 1447754 a multiple of 374?
True
Is 11 a factor of 11319?
True
Is 463 a factor of 155172?
False
Is 95 a factor of 124450?
True
Does 29 divide 487635?
True
Is 259084 a multiple of 133?
True
Does 49 divide 262444?
True
Is 6 a factor of 800105?
False
Is 118 a factor of 107262?
True
Is 49 a factor of 259651?
True
Does 163 divide 36887?
False
Is 1309678 a multiple of 12?
False
Does 8 divide 255093?
False
Is 222033 a multiple of 175?
False
Is 9 a factor of 34856?
False
Is 747510 a multiple of 154?
False
Does 115 divide 14457685?
True
Does 4 divide 11284?
True
Does 644 divide 1539177?
False
Is 52762 a multiple of 41?
False
Is 1387986 a multiple of 37?
False
Does 174 divide 374622?
True
Is 123931 a multiple of 38?
False
Is 3844428 a multiple of 42?
True
Is 277152 a multiple of 5?
False
Is 104 a factor of 29432?
True
Is 346522 a multiple of 22?
True
Does 18 divide 246024?
True
Does 44 divide 1863400?
True
Is 46 a factor of 39374?
False
Is 10 a factor of 2382875?
False
Does 162 divide 262876?
False
Is 113590 a multiple of 259?
False
Is 28555 a multiple of 59?
False
Is 2595090 a multiple of 230?
True
Is 75 a factor of 1464760?
False
Is 182 a factor of 10738?
True
Is 35 a factor of 61075?
True
Does 77 divide 5586746?
False
Is 1880759 a multiple of 513?
False
Does 34 divide 4127940?
True
Is 2827685 a multiple of 35?
True
Does 27 divide 361544?
False
Is 3 a factor of 1879030?
False
Does 52 divide 435738?
False
Is 122 a factor of 253733?
False
Is 46 a factor of 14280527?
False
Does 255 divide 15730?
False
Is 180961 a multiple of 2?
False
Is 3768300 a multiple of 18?
True
Is 42 a factor of 4434966?
False
Does 66 divide 2090911?
False
Is 1940 a factor of 28449940?
False
Does 17 divide 127245?
True
Is 61 a factor of 328424?
True
Does 17 divide 1237879?
False
Is 442312 a multiple of 445?
False
Is 16 a factor of 378928?
True
Is 524 a factor of 127856?
True
Is 8798608 a multiple of 790?
False
Is 2024 a factor of 15159760?
True
Is 4 a factor of 36152?
True
Is 158034 a multiple of 6?
True
Is 5932 a multiple of 2?
True
Is 36162 a multiple of 287?
True
Does 1495 divide 6881485?
True
Is 259 a factor of 11093747?
True
Is 16218324 a multiple of 38?
True
Is 410916 a multiple of 132?
True
Is 4924205 a multiple of 65?
True
Is 21 a factor of 2458785?
True
Is 61 a factor of 14157734?
True
Does 24 divide 49872?
True
Is 23555 a multiple of 118?
False
Is 34 a factor of 601086?
True
Is 252132 a multiple of 21?
False
Is 2452997 a multiple of 117?
False
Is 311220 a multiple of 455?
True
Does 24 divide 9270352?
False
Does 12 divide 1271190?
False
Is 93484 a multiple of 18?
False
Is 18 a factor of 512429?
False
Is 566476 a multiple of 5?
False
Is 4182350 a multiple of 25?
True
Is 18 a factor of 406602?
True
Is 1002266 a multiple of 82?
False
Is 2078633 a multiple of 229?
True
Is 118 a factor of 463032?
True
Is 217 a factor of 930496?
True
Does 25 divide 217293?
False
Is 35 a factor of 1537468?
False
Does 55 divide 501725?
False
Does 16 divide 1806400?
True
Is 384985 a multiple of 185?
True
Does 2 divide 67969?
False
Is 716 a factor of 3968788?
True
Does 17 divide 302090?
True
Is 158 a factor of 537832?
True
Does 9 divide 83160?
True
Is 14024 a multiple of 24?
False
Is 2180078 a multiple of 11?
False
Does 620 divide 367118?
False
Is 2500200 a multiple of 10?
True
Is 257 a factor of 583904?
True
Does 19 divide 232004?
False
Does 43 divide 397708?
False
Is 14 a factor of 1833216?
True
Does 5 divide 944300?
True
Does 1247 divide 5513176?
False
Is 699072 a multiple of 32?
True
Does 8 divide 37847?
False
Is 1088076 a multiple of 11?
True
Is 11 a factor of 45914?
True
Is 2353858 a multiple of 105?
False
Is 30 a factor of 293324?
False
Is 45 a factor of 192643?
False
Is 8228 a multiple of 11?
True
Does 93 divide 3561993?
True
Is 4958492 a multiple of 77?
True
Does 224 divide 304714?
False
Does 30 divide 234660?
True
Is 5660 a multiple of 8?
False
Is 715005 a multiple of 45?
True
Is 11207 a multiple of 3?
False
Is 1263 a factor of 10235352?
True
Does 132 divide 1228399?
False
Is 396 a factor of 20988?
True
Does 79 divide 727274?
True
Is 234 a factor of 3744166?
False
Does 7 divide 2924?
False
Is 823764 a multiple of 104?
False
Is 16 a factor of 1004496?
True
Is 497380 a multiple of 145?
False
Is 33458 a multiple of 207?
False
Is 38 a factor of 70262?
True
Does 186 divide 212040?
True
Does 12 divide 574260?
True
Is 49 a factor of 555977?
False
Does 47 divide 16121?
True
Does 41 divide 781222?
False
Is 446796 a multiple of 4?
True
Does 248 divide 6906878?
False
Is 13796343 a multiple of 219?
True
Is 2092847 a multiple of 739?
False
Does 447 divide 186399?
True
Does 21 divide 12641706?
True
Does 6 divide 1525884?
True
Does 19 divide 1639020?
False
Is 845341 a multiple of 17?
False
Does 113 divide 119486?
False
Does 10 divide 166880?
True
Is 1159 a factor of 6679317?
True
Is 111 a factor of 65268?
True
Is 120 a factor of 2539200?
True
Is 2290320 a multiple of 48?
True
Does 78 divide 1828?
False
Is 1395 a factor of 3043912?
False
Is 1047 a factor of 2718012?
True
Does 494 divide 523409?
False
Is 212 a factor of 4497301?
False
Is 359078 a multiple of 41?
True
Is 391832 a multiple of 28?
True
Does 14 divide 53354?
True
Is 1591 a factor of 6458610?
False
Is 10 a factor of 2302232?
False
Is 1143818 a multiple of 357?
False
Is 14 a factor of 1627290?
True
Does 33 divide 224282?
False
Does 127 divide 105283?
True
Is 15 a factor of 3871275?
True
Is 700301 a multiple of 23?
False
Does 3 divide 533086?
False
Does 24 divide 20451499?
False
Is 12 a factor of 53244?
True
Is 9635637 a multiple of 31?
True
Does 197 divide 88465?
False
Is 5489730 a multiple of 337?
True
Does 15 divide 875250?
True
Is 41 a factor of 2757742?
True
Is 144 a factor of 3599604?
False
Does 147 divide 729244?
False
Is 443577 a multiple of 29?
False
Is 10736 even?
True
Is 5 a factor of 1798028?
False
Is 8 a factor of 71305?
False
Is 6 a factor of 53437?
False
Is 9 a factor of 461430?
True
Is 46 a factor of 13058572?
True
Is 463788 a multiple of 13?
True
Is 7 a factor of 160240?
False
Is 9 a factor of 4959864?
True
Is 22 a factor of 7434944?
True
Does 2 divide 607?
False
Is 138 a factor of 2700522?
True
Does 152 divide 885248?
True
Is 784 a factor of 1152034?
False
Does 3 divide 1894498?
False
Is 60 a factor of 481860?
True
Does 316 divide 50244?
True
Is 481413 a multiple of 7?
False
Is 956242 a multiple of 214?
False
Does 13 divide 79087?
False
Does 758 divide 1484164?
True
Does 17 divide 714602?
False
Is 27626182 a multiple of 97?
True
Is 762 a factor of 838545?
False
Is 1949817 a multiple of 41?
False
Is 163 a factor of 27224?
False
Is 351 a factor of 1002885?
False
Is 93 a factor of 627843?
True
Does 25 divide 1977146?
False
Is 337672 a multiple of 4?
True
Is 3422 a multiple of 29?
True
Is 860090 a multiple of 55?
True
Does 37 divide 288583?
False
Is 99108 a multiple of 118?
False
Does 24 divide 124989?
False
Is 55047 a multiple of 18?
False
Does 35 divide 186293?
False
Does 14 divide 928424?
True
Does 10 divide 416938?
False
Does 278 divide 119540?
True
Is 93034 a multiple of 75?
False
Is 3 a factor of 196220?
False
Is 624192 a multiple of 48?
True
Is 59 a factor of 86730?
True
Is 460 a factor of 288372?
False
Is 177587 a multiple of 159?
False
Does 270 divide 66586?
False
Is 12 a factor of 3401836?
False
Is 190 a factor of 11933880?
False
Is 156 a factor of 97823?
False
Is 4627435 a multiple of 34?
False
Does 545 divide 26160?
True
Is 272913 a multiple of 6?
False
Is 284431 a multiple of 26?
False
Does 322 divide 1953252?
True
Is 27136180 a multiple of 25?
False
Is 17 a factor of 43078?
True
Is 277376 a multiple of 32?
True
Is 381 a factor of 4208360?
False
Does 36 divide 179604?
True
Is 55 a factor of 346